5
What is the tens digit of 9817?
1
What is the thousands digit of 6042?
6
What is the tens digit of 2027?
2
What is the tens digit of 58985?
8
What is the hundreds digit of 10382?
3
What is the tens digit of 17488?
8
What is the hundreds digit of 765?
7
What is the units digit of 23772?
2
What is the hundreds digit of 4572?
5
What is the hundreds digit of 932?
9
What is the thousands digit of 42779?
2
What is the units digit of 650?
0
What is the tens digit of 2449?
4
What is the hundreds digit of 3000?
0
What is the thousands digit of 16721?
6
What is the hundreds digit of 11208?
2
What is the tens digit of 23210?
1
What is the ten thousands digit of 27996?
2
What is the tens digit of 900?
0
What is the units digit of 30511?
1
What is the tens digit of 26311?
1
What is the units digit of 91605?
5
What is the hundreds digit of 68821?
8
What is the thousands digit of 36534?
6
What is the hundreds digit of 8190?
1
What is the units digit of 69822?
2
What is the hundreds digit of 43226?
2
What is the units digit of 8467?
7
What is the tens digit of 947?
4
What is the tens digit of 12102?
0
What is the thousands digit of 34750?
4
What is the thousands digit of 6355?
6
What is the thousands digit of 7455?
7
What is the tens digit of 71018?
1
What is the units digit of 383?
3
What is the tens digit of 705?
0
What is the tens digit of 486?
8
What is the tens digit of 2495?
9
What is the units digit of 323?
3
What is the tens digit of 2354?
5
What is the units digit of 83777?
7
What is the units digit of 5409?
9
What is the tens digit of 930?
3
What is the units digit of 1291?
1
What is the units digit of 1331?
1
What is the units digit of 426?
6
What is the thousands digit of 1340?
1
What is the thousands digit of 62383?
2
What is the units digit of 28865?
5
What is the thousands digit of 7414?
7
What is the units digit of 1252?
2
What is the hundreds digit of 14877?
8
What is the thousands digit of 17006?
7
What is the units digit of 1693?
3
What is the hundreds digit of 7778?
7
What is the tens digit of 808?
0
What is the ten thousands digit of 14212?
1
What is the hundreds digit of 17796?
7
What is the units digit of 2549?
9
What is the tens digit of 18171?
7
What is the units digit of 12341?
1
What is the units digit of 30829?
9
What is the tens digit of 7572?
7
What is the tens digit of 26066?
6
What is the thousands digit of 2203?
2
What is the hundreds digit of 7795?
7
What is the hundreds digit of 3701?
7
What is the hundreds digit of 10251?
2
What is the hundreds digit of 817?
8
What is the tens digit of 36455?
5
What is the hundreds digit of 11066?
0
What is the tens digit of 518?
1
What is the tens digit of 62885?
8
What is the hundreds digit of 1177?
1
What is the hundreds digit of 3491?
4
What is the ten thousands digit of 24641?
2
What is the tens digit of 2652?
5
What is the hundreds digit of 6719?
7
What is the ten thousands digit of 148004?
4
What is the ten thousands digit of 55454?
5
What is the hundreds digit of 2827?
8
What is the tens digit of 998?
9
What is the thousands digit of 6793?
6
What is the hundreds digit of 1648?
6
What is the units digit of 22328?
8
What is the tens digit of 5060?
6
What is the tens digit of 9610?
1
What is the tens digit of 2811?
1
What is the tens digit of 42997?
9
What is the ten thousands digit of 52175?
5
What is the thousands digit of 1579?
1
What is the hundreds digit of 2357?
3
What is the thousands digit of 1157?
1
What is the tens digit of 2270?
7
What is the units digit of 3007?
7
What is the tens digit of 2828?
2
What is the hundreds digit of 94654?
6
What is the thousands digit of 16192?
6
What is the hundreds digit of 7418?
4
What is the units digit of 2434?
4
What is the ten thousands digit of 54196?
5
What is the units digit of 11954?
4
What is the tens digit of 1333?
3
What is the tens digit of 82171?
7
What is the units digit of 10098?
8
What is the tens digit of 314?
1
What is the tens digit of 30?
3
What is the ten thousands digit of 95979?
9
What is the hundreds digit of 49694?
6
What is the ten thousands digit of 53933?
5
What is the hundreds digit of 328?
3
What is the tens digit of 4009?
0
What is the ten thousands digit of 24471?
2
What is the hundreds digit of 3885?
8
What is the thousands digit of 2988?
2
What is the tens digit of 42166?
6
What is the units digit of 724?
4
What is the tens digit of 416?
1
What is the tens digit of 226?
2
What is the ten thousands digit of 10781?
1
What is the tens digit of 17041?
4
What is the thousands digit of 30560?
0
What is the hundreds digit of 92302?
3
What is the thousands digit of 1146?
1
What is the hundreds digit of 365?
3
What is the hundreds digit of 1172?
1
What is the units digit of 3973?
3
What is the thousands digit of 7633?
7
What is the thousands digit of 53320?
3
What is the thousands digit of 5319?
5
What is the units digit of 966?
6
What is the tens digit of 9141?
4
What is the hundreds digit of 988?
9
What is the units digit of 12879?
9
What is the units digit of 97421?
1
What is the units digit of 8001?
1
What is the ten thousands digit of 39410?
3
What is the tens digit of 20019?
1
What is the units digit of 7501?
1
What is the units digit of 834?
4
What is the hundreds digit of 2639?
6
What is the tens digit of 300?
0
What is the units digit of 1304?
4
What is the tens digit of 9294?
9
What is the tens digit of 4878?
7
What is the units digit of 2705?
5
What is the thousands digit of 1414?
1
What is the units digit of 1445?
5
What is the units digit of 189?
9
What is the hundreds digit of 1675?
6
What is the hundreds digit of 361?
3
What is the units digit of 49565?
5
What is the tens digit of 4597?
9
What is the hundreds digit of 838?
8
What is the thousands digit of 3287?
3
What is the hundreds digit of 13326?
3
What is the tens digit of 445?
4
What is the thousands digit of 39761?
9
What is the thousands digit of 10671?
0
What is the hundreds digit of 30869?
8
What is the units digit of 44178?
8
What is the hundreds digit of 787?
7
What is the units digit of 20012?
2
What is the units digit of 68?
8
What is the tens digit of 34009?
0
What is the units digit of 137612?
2
What is the tens digit of 61?
6
What is the hundreds digit of 8065?
0
What is the units digit of 1082?
2
What is the units digit of 2654?
4
What is the units digit of 2748?
8
What is the tens digit of 8167?
6
What is the hundreds digit of 1104?
1
What is the hundreds digit of 12252?
2
What is the thousands digit of 1448?
1
What is the ten thousands digit of 99467?
9
What is the units digit of 13761?
1
What is the thousands digit of 19994?
9
What is the thousands digit of 25116?
5
What is the ten thousands digit of 27424?
2
What is the units digit of 6944?
4
What is the hundreds digit of 10876?
8
What is the hundreds digit of 621?
6
What is the hundreds digit of 35952?
9
What is the tens digit of 26785?
8
What is the tens digit of 1503?
0
What is the hundreds digit of 662?
6
What is the thousands digit of 8495?
8
What is the thousands digit of 25560?
5
What is the thousands digit of 1967?
1
What is the hundreds digit of 232?
2
What is the ten thousands digit of 17513?
1
What is the hundreds digit of 4181?
1
What is the tens digit of 54?
5
What is the hundreds digit of 1784?
7
What is the tens digit of 3985?
8
What is the thousands digit of 3564?
3
What is the hundreds digit of 39562?
5
What is the units digit of 372?
2
What is the units digit of 12721?
1
What is the units digit of 47398?
8
What is the thousands digit of 1555?
1
What is the hundreds digit of 9787?
7
What is the ten thousands digit of 19986?
1
What is the tens digit of 1791?
9
What is the ten thousands digit of 82133?
8
What is the units digit of 17967?
7
What is the units digit of 8271?
1
What is the units digit of 712?
2
What is the hundreds digit of 889?
8
What is the ten thousands digit of 84214?
8
What is the tens digit of 242?
4
What is the units digit of 2861?
1
What is the thousands digit of 17740?
7
What is the tens digit of 62151?
5
What is the thousands digit of 152383?
2
What is the tens digit of 439?
3
What is the ten thousands digit of 64665?
6
What is the tens digit of 6642?
4
What is the hundreds digit of 459?
4
What is the thousands digit of 40502?
0
What is t